mainder when 24013 is divided by 57.
16
Calculate the remainder when 129087 is divided by 1957.
1882
What is the remainder when 6417 is divided by 2139?
0
Calculate the remainder when 107100 is divided by 38.
16
What is the remainder when 190923 is divided by 190912?
11
What is the remainder when 188 is divided by 48?
44
Calculate the remainder when 5202 is divided by 107.
66
Calculate the remainder when 2924 is divided by 195.
194
Calculate the remainder when 70228 is divided by 315.
298
Calculate the remainder when 799 is divided by 164.
143
What is the remainder when 38046 is divided by 104?
86
Calculate the remainder when 20752 is divided by 6914.
10
Calculate the remainder when 95889 is divided by 806.
781
Calculate the remainder when 50032 is divided by 36.
28
What is the remainder when 21881 is divided by 342?
335
What is the remainder when 1729 is divided by 52?
13
What is the remainder when 1362508 is divided by 1271?
1267
What is the remainder when 572 is divided by 484?
88
What is the remainder when 564 is divided by 515?
49
What is the remainder when 13218 is divided by 490?
478
Calculate the remainder when 44312 is divided by 32.
24
Calculate the remainder when 3554 is divided by 3530.
24
What is the remainder when 688077 is divided by 10?
7
What is the remainder when 66739 is divided by 13347?
4
Calculate the remainder when 2721575 is divided by 907191.
2
What is the remainder when 681510 is divided by 280?
270
Calculate the remainder when 9584 is divided by 15.
14
Calculate the remainder when 519972 is divided by 225.
222
Calculate the remainder when 5788691 is divided by 186.
185
Calculate the remainder when 1281265 is divided by 233.
231
What is the remainder when 33135 is divided by 24?
15
What is the remainder when 1383 is divided by 349?
336
Calculate the remainder when 1883 is divided by 63.
56
What is the remainder when 13577 is divided by 2707?
42
Calculate the remainder when 11250 is divided by 125.
0
Calculate the remainder when 1414 is divided by 57.
46
Calculate the remainder when 9194 is divided by 712.
650
What is the remainder when 336195 is divided by 41?
36
What is the remainder when 7030 is divided by 1123?
292
Calculate the remainder when 99703 is divided by 345.
343
What is the remainder when 1182 is divided by 63?
48
What is the remainder when 13975 is divided by 1784?
1487
What is the remainder when 13919 is divided by 60?
59
What is the remainder when 12487 is divided by 100?
87
What is the remainder when 2235 is divided by 4?
3
What is the remainder when 3842 is divided by 182?
20
What is the remainder when 4963 is divided by 2437?
89
Calculate the remainder when 6070 is divided by 98.
92
What is the remainder when 91971 is divided by 283?
279
Calculate the remainder when 7048 is divided by 82.
78
Calculate the remainder when 20302 is divided by 4047.
67
Calculate the remainder when 740378 is divided by 2.
0
What is the remainder when 16340 is divided by 8161?
18
What is the remainder when 5662 is divided by 808?
6
What is the remainder when 15047 is divided by 215?
212
Calculate the remainder when 18796 is divided by 4316.
1532
What is the remainder when 3773 is divided by 1071?
560
What is the remainder when 805 is divided by 265?
10
Calculate the remainder when 4824 is divided by 964.
4
What is the remainder when 1725 is divided by 1641?
84
What is the remainder when 43703 is divided by 10916?
39
What is the remainder when 2381 is divided by 389?
47
What is the remainder when 316578 is divided by 315?
3
What is the remainder when 2222534 is divided by 156?
2
What is the remainder when 538 is divided by 373?
165
Calculate the remainder when 53171 is divided by 36.
35
What is the remainder when 35635 is divided by 39?
28
What is the remainder when 47930 is divided by 30?
20
What is the remainder when 1965 is divided by 1807?
158
What is the remainder when 77211 is divided by 715?
706
What is the remainder when 9599 is divided by 9329?
270
Calculate the remainder when 3918 is divided by 1257.
147
Calculate the remainder when 186334 is divided by 83.
82
What is the remainder when 5093 is divided by 132?
77
Calculate the remainder when 837951 is divided by 209469.
75
Calculate the remainder when 4608 is divided by 2297.
14
What is the remainder when 175426 is divided by 331?
327
Calculate the remainder when 16477 is divided by 402.
397
What is the remainder when 9190 is divided by 129?
31
Calculate the remainder when 1120 is divided by 559.
2
Calculate the remainder when 103 is divided by 50.
3
Calculate the remainder when 7264 is divided by 91.
75
What is the remainder when 2881 is divided by 171?
145
What is the remainder when 21754 is divided by 21580?
174
What is the remainder when 75293 is divided by 208?
205
What is the remainder when 61689 is divided by 91?
82
Calculate the remainder when 23851 is divided by 236.
15
Calculate the remainder when 347733 is divided by 120.
93
What is the remainder when 80272 is divided by 102?
100
Calculate the remainder when 1731 is divided by 1625.
106
What is the remainder when 249037 is divided by 8?
5
What is the remainder when 10319 is divided by 43?
42
What is the remainder when 9525 is divided by 4743?
39
What is the remainder when 52482 is divided by 343?
3
What is the remainder when 20575 is divided by 15?
10
What is the remainder when 122581 is divided by 39?
4
Calculate the remainder when 1914801 is divided by 1597.
1595
What is the remainder when 84428 is divided by 211?
28
Calculate the remainder when 15320 is divided by 97.
91
What is the remainder when 6494 is divided by 46?
8
Calculate the remainder when 2792 is divided by 309.
11
Calculate the remainder when 73156 is divided by 51.
22
Calculate the remainder when 2324 is divided by 360.
164
Calculate the remainder when 29661 is divided by 407.
357
Calculate the remainder when 119644 is divided by 935.
899
What is the remainder when 47540 is divided by 11?
9
What is the remainder when 8739 is divided by 105?
24
Calculate the remainder when 9095 is divided by 697.
34
Calculate the remainder when 11433 is divided by 2222.
323
Calculate the remainder when 38080 is divided by 184.
176
Calculate the remainder when 75608 is divided by 1163.
13
Calculate the remainder when 232 is divided by 142.
90
Calculate the remainder when 147 is divided by 77.
70
What is the remainder when 26863 is divided by 2235?
43
Calculate the remainder when 28603 is divided by 15.
13
Calculate the remainder when 3214 is divided by 1070.
4
Calculate the remainder when 8515 is divided by 949.
923
Calculate the remainder when 118401 is divided by 276.
273
What is the remainder when 37196 is divided by 12383?
47
Calculate the remainder when 3287 is divided by 370.
327
What is the remainder when 393 is divided by 10?
3
Calculate the remainder when 2168 is divided by 163.
49
Calculate the remainder when 11826 is divided by 281.
24
What is the remainder when 2582 is divided by 2572?
10
Calculate the remainder when 15961 is divided by 7834.
293
Calculate the remainder when 332849 is divided by 448.
433
Calculate the remainder when 111892 is divided by 71.
67
What is the remainder when 13874 is divided by 3464?
18
What is the remainder when 363904 is divided by 414?
412
What is the remainder when 3262 is divided by 450?
112
What is the remainder when 1368 is divided by 970?
398
Calculate the remainder when 36411 is divided by 13.
11
What is the remainder when 1499624 is divided by 225?
224
Calculate the remainder when 665530 is divided by 4.
2
What is the remainder when 4592 is divided by 107?
98
Calculate the remainder when 214019 is divided by 71330.
29
What is the remainder when 8555 is divided by 4276?
3
Calculate the remainder when 349934 is divided by 31812.
2
What is the remainder when 355164 is divided by 15?
9
Calculate the remainder when 80677 is divided by 120.
37
Calculate the remainder when 28677 is divided by 2867.
7
Calculate the remainder when 244657 is divided by 52.
49
Calculate the remainder when 152683 is divided by 87.
85
Calculate the remainder when 15074 is divided by 4957.
203
What is the remainder when 86015 is divided by 117?
20
What is the remainder when 27246 is divided by 115?
106
What is the remainder when 